-202223 + -100300?
-303123
In base 5, what is 241 + 1120341?
1121132
In base 14, what is 74d2 + 5?
74d7
In base 9, what is -2 + -5378?
-5381
In base 9, what is 4 - -26143?
26147
In base 2, what is -10100110 - -110000101?
11011111
In base 7, what is 113124 - 104?
113020
In base 13, what is 90 - 25c?
-19c
In base 9, what is -107657 - -1?
-107656
In base 15, what is -613c - 2?
-613e
In base 2, what is 111100010 - -1001000?
1000101010
In base 7, what is 32 + -1351?
-1316
In base 11, what is 18 + -a467?
-a44a
In base 8, what is -2 + 1153?
1151
In base 5, what is -202 - -4240?
4033
In base 14, what is 249b8 + 4?
249bc
In base 7, what is -12501541 + 0?
-12501541
In base 7, what is -3013060 - 3?
-3013063
In base 14, what is 26 - 6c78?
-6c52
In base 2, what is 10011010000101101101010 + -1?
10011010000101101101001
In base 2, what is 11101111 - -1110001111?
10001111110
In base 8, what is -77 - -1275?
1176
In base 15, what is 8097 - -4?
809b
In base 5, what is -3 + 2110132?
2110124
In base 8, what is -144332 + 6?
-144324
In base 10, what is -3 + -4095?
-4098
In base 12, what is 8 + a364?
a370
In base 14, what is -1 + -2854?
-2855
In base 5, what is -3 + -30440114?
-30440122
In base 3, what is -1010120 + 10112220?
2102100
In base 10, what is -1 + 14733?
14732
In base 2, what is -10101011010100111111111 - -11?
-10101011010100111111100
In base 14, what is -106 - -33?
-b3
In base 12, what is 22 - -4b?
71
In base 8, what is 16352 + 77?
16451
In base 10, what is -4295 + 29?
-4266
In base 2, what is -1110101000101001 + -1?
-1110101000101010
In base 15, what is -c - -2e94?
2e87
In base 2, what is 101100010000 - -101?
101100010101
In base 14, what is 3 + -1788?
-1785
In base 10, what is -222 - 69?
-291
In base 4, what is 10 + 2311233?
2311303
In base 8, what is -3 + -11744?
-11747
In base 5, what is 204 - 2034040?
-2033331
In base 6, what is -233 - -3305?
3032
In base 2, what is 10 + -10011100100011110011?
-10011100100011110001
In base 15, what is 153 + -3c0?
-26c
In base 4, what is -3103 - 13001301?
-13011010
In base 6, what is -1014210 - 4?
-1014214
In base 14, what is -c19 - 311?
-112a
In base 2, what is -101000110011101010 - -1?
-101000110011101001
In base 4, what is 0 + -2311220321?
-2311220321
In base 12, what is -13b - -603?
484
In base 8, what is -11040 + 201?
-10637
In base 11, what is -60 + -1a4?
-254
In base 14, what is 0 - -1a5b?
1a5b
In base 13, what is 4 - -2a202?
2a206
In base 6, what is -3 + -3014304?
-3014311
In base 16, what is -901c - 32?
-904e
In base 9, what is -2 + 834164?
834162
In base 12, what is 54 + -49?
7
In base 8, what is -2 - -527571?
527567
In base 5, what is 11200140 - 1?
11200134
In base 14, what is -3 - -249c6?
249c3
In base 15, what is -1281 + 6?
-127a
In base 4, what is 3 - 1321231203?
-1321231200
In base 4, what is 1133 + 12100?
13233
In base 10, what is -123 - -443?
320
In base 2, what is 11001100110011 + 101?
11001100111000
In base 2, what is 10000011110 - -10010011101?
100010111011
In base 5, what is -340233 - -30?
-340203
In base 10, what is 196132 + -5?
196127
In base 7, what is 30 + 21350?
21410
In base 16, what is 1b77 + -e1?
1a96
In base 13, what is -5 + a0a6?
a0a1
In base 14, what is 1 - -3ab7?
3ab8
In base 4, what is 322032 + -3?
322023
In base 3, what is 1222212 + -2121?
1220021
In base 2, what is -110111110 - 10101110100?
-11100110010
In base 16, what is -6 + -de81?
-de87
In base 11, what is -5993 + a?
-5984
In base 16, what is -1114c6 + 1?
-1114c5
In base 16, what is -28d - -279?
-14
In base 7, what is -26503 - 35?
-26541
In base 8, what is -415 + -342?
-757
In base 16, what is -71f - 82?
-7a1
In base 13, what is 8a77 - 2?
8a75
In base 10, what is -16930 - 6?
-16936
In base 3, what is -101000101 + 1011210?
-22211121
In base 11, what is -44 - 1679a?
-16833
In base 15, what is 1289e + 15?
128b4
In base 16, what is 34 + 93b6?
93ea
In base 9, what is 3 - -34413?
34416
In base 15, what is -de40 + 2?
-de3d
In base 16, what is -2cd9 + f?
-2cca
In base 3, what is -200 + 1101100002?
1101022102
In base 16, what is 9cf + 20?
9ef
In base 7, what is -536623 + 5?
-536615
In base 6, what is -25500 + -52?
-25552
In base 7, what is -236 - 12130?
-12366
In base 9, what is -4551 - 7?
-4558
In base 15, what is -39447e - -2?
-39447c
In base 14, what is 0 + -12a080?
-12a080
In base 2, what is -101 - 1111000101110?
-1111000110011
In base 13, what is -b - 42b?
-439
In base 13, what is 3 - 2aac1?
-2aabb
In base 8, what is 74 - 32552?
-32456
In base 14, what is 2 + -4b744?
-4b742
In base 8, what is -4541 + -21?
-4562
In base 12, what is 31 - 80?
-4b
In base 14, what is 52d09 - -6?
52d11
In base 10, what is -1656 + -23?
-1679
In base 4, what is -2 - 3110023?
-3110031
In base 14, what is -1c - 9d6?
-a14
In base 16, what is b - 1758?
-174d
In base 15, what is -1ae4 + 9?
-1ada
In base 3, what is -2221010 + -101?
-2221111
In base 16, what is -3 + 1b449?
1b446
In base 10, what is -10 - 343608?
-343618
In base 7, what is 4 - -241120?
241124
In base 8, what is 1175 + 372?
1567
In base 11, what is 335a6 + 10?
33606
In base 15, what is 25e + -1aa?
a4
In base 9, what is 2 + 1755440?
1755442
In base 5, what is -40100030 - 4?
-40100034
In base 14, what is a07c1 - 1?
a07c0
In base 16, what is -4f9a + -4?
-4f9e
In base 6, what is -25440 - 5?
-25445
In base 12, what is 128b3b + 3?
128b42
In base 7, what is 2522 + -61?
2431
In base 12, what is 24 - -722?
746
In base 6, what is -105523 - 3?
-105530
In base 15, what is -8741 + -5?
-8746
In base 7, what is -3 - 2666041?
-2666044
In base 10, what is -554 + -718?
-1272
In base 16, what is 3508 - 3?
3505
In base 15, what is 2980 - 34?
294b
In base 8, what is 1703 + -1566?
115
In base 16, what is -86 + -c7?
-14d
In base 16, what is 2106 - -5?
210b
In base 14, what is -1100 + -10?
-1110
In base 11, what is -44134 - -4?
-44130
In base 12, what is 3b2 - 63?
34b
In base 10, what is -2507917 + 2?
-2507915
In base 9, what is -146 - 1347?
-1504
In base 14, what is a + -19a19?
-19a0d
In base 8, what is -571 - -275?
-274
In base 8, what is -3642 - -167?
-3453
In base 15, what is 1a60 - 8?
1a57
In base 9, what is -10675 - -1?
-10674
In base 13, what is 8 + -2a05?
-29ca
In base 12, what is 1046 + 378?
1402
In base 16, what is -4730 - 5?
-4735
In base 16, what is e1 + -20c?
-12b
In base 15, what is 34 - -140a?
143e
In base 13, what is 771b - 5?
7716
In base 6, what is -4 - 302424?
-302432
In base 6, what is -3241 + -101?
-3342
In base 7, what is -360426 + -4?
-360433
In base 4, what is 3 + -13021003?
-13021000
In base 15, what is 3 + -b941?
-b93d
In base 12, what is 0 - -79a0?
79a0
In base 11, what is 26 - 9989?
-9963
In base 4, what is 223 + -20323330?
-20323101
In base 2, what is 101101111 + -1111111?
11110000
In base 9, what is 5574 - 10?
5564
In base 13, what is 1 - 525a?
-5259
In base 12, what is 239 - -1640?
1879
In base 14, what is 1 - a110?
-a10d
In base 12, what is 1 + -38075?
-38074
In base 2, what is 1001111 - -1110011010100?
1110100100011
In base 11, what is 1274879 - 3?
1274876
In base 4, what is -1322 - -122122?
120200
In base 7, what is 63 - -320?
413
In base 2, what is 1011100001 - -11000001101?
100011101110
In base 7, what is -11 - 223130?
-223141
In base 3, what is -20 - 122020110?
-122020200
In base 15, what is 4a9 - -14?
4bd
In base 16, what is 0 + -29a8?
-29a8
In base 15, what is 1013 + 158?
116b
In base 10, what is -2 - -8253?
8251
In base 4, what is -10 - -10202031113?
10202031103
In base 2, what is -101110110101100111111 - -1?
-101110110101100111110
In base 14, what is 5 + -3c424?
-3c41d
In base 14, what is 8a6 - -2?
8a8
In base 3, what is -10111001212 - -12?
-10111001200
In base 7, what is 20 + 36311?
36331
In base 15, what is -1d3 - -1862?
167e
In base 14, what is -4 - 1571?
-1575
In base 12, what is -477 - 1?
-478
In base 8, what is -1376121 + -4?
-1376125
In base 8, what is 66 - -165414?
165502
In base 11, what is -4 + 922414?
922410
In base 4, what is 1 + -2010312323?
-2010312322
In base 4, what is 222 - -10?
232
In base 14, what is 4914 + a?
4920
In base 4, what is 100323 - 2?
100321
In base 6, what is -310 + -130032?
-130342
In base 11, what is -19 - -1484?
1466
In base 16, what is 13 - -13a74?
13a87
In base 13, what is 3b2 + -111?
2a1
In base 7, what is -536342 - 0?
-536342
In base 10, wh